et f = 4 + 3. Let u = -18 + 20. Suppose 0 = f*h - u*h + 4*p + 6, 0 = -2*h + p + 8. What are the prime factors of h?
2
List the prime factors of (7/(-21) + 106/30)*10.
2
Let g(u) = -2*u + 1. Let w be g(-6). Suppose -2*o - 6 - 10 = c, 4*o + 5*c + 38 = 0. Let p = w + o. List the prime factors of p.
2, 3
Let a(j) = j**2 + j - 10. Let x be a(0). Let f be (12/x)/((-1)/(-5)). Let v(y) = -y**2 - 9*y - 1. What are the prime factors of v(f)?
17
Let t(a) = 40*a**2 + 2*a - 1. Let z = -21 - -22. List the prime factors of t(z).
41
Let z(r) = -r**3 + 2 + r + 6*r**2 - 5*r - r**2. Let w be z(4). Suppose -w + 0 = -b, -2*y + 2 = -3*b. List the prime factors of y.
2
Suppose -n = n - 10. Suppose n + 14 = q. Suppose z - q = -0. What are the prime factors of z?
19
Suppose r + 5*a - 12 = 0, 2*r + 2*a - 36 = -r. Let b be (3/(-4))/(2/(-8)). Suppose b*k - r = -0*k. What are the prime factors of k?
2
Let z(y) = -y**3 + 4*y**2 + 7*y - 3. Let a(k) be the second derivative of k**3/6 + 3*k. Let t be a(5). What are the prime factors of z(t)?
7
Let d(i) = -3*i**2 + 15*i + 15. Let b(y) = y + 1. Let r(o) = 18*b(o) - d(o). List the prime factors of r(-2).
3
Suppose 2*k + 8 = -k + 4*j, 7 = -2*k + 3*j. Suppose 5*s = k*s + 6. List the prime factors of s.
2, 3
Let a be 38/(-5) + (-8)/20. Suppose -3*b = 5 + 13. Let s = b - a. List the prime factors of s.
2
Let d = 11 - -4. Suppose d = -3*w + y, -2*y = -w - 4*y - 12. What are the prime factors of w/(-4)*(-10)/(-3)?
5
Suppose 64*m = 61*m + 9. Suppose 0 = -5*f + 4*n + 15 + 6, -3*f + 5*n + 23 = 0. List the prime factors of f*-3*(-3 - m).
2, 3
Suppose 5*b - 5*l = 35, 2*l = -4*b + 3*l + 16. Let r be 13/2 - 2/4. Suppose b*d + r = 6*d. List the prime factors of d.
2
Suppose 5*d + 214 = 3*i, 2*i + 3*d - 56 = 112. List the prime factors of i.
2, 3, 13
Let k(l) = l - 15. Let r(i) = i**3 - 2*i**2 + 3. Let c be r(3). Let q be k(c). Let o = q + 10. List the prime factors of o.
7
Suppose 184 = 3*v + 5*u, 2*u + 50 + 15 = v. What are the prime factors of v?
3, 7
Let u(r) = r + 1. Let x(d) = -5*d + 4. Let l(k) = 6*u(k) + x(k). Let f be l(-7). Suppose 1 - f = -p. What are the prime factors of p?
2
Suppose 12 = -b + 41. What are the prime factors of b?
29
Let a(p) = p**2 + 5 - 3*p - 2*p + p. What are the prime factors of a(6)?
17
Suppose -3*p + g + 173 = -2*p, 3*g = 5*p - 859. What are the prime factors of p?
2, 5, 17
Let s(j) = 3*j**3 - 4*j**2 + 3*j + 2. What are the prime factors of s(2)?
2
Suppose 5*b - q - 8 = 0, b - q = -0*q. What are the prime factors of b?
2
Let r be (-2)/(-3) + (-20)/(-15). Suppose 3*h + 3*u = -u + 51, 4*h = r*u + 46. What are the prime factors of h?
13
Let y(b) = -b**3 + 3*b**2 + 3*b + 2. Suppose 5*j = -q - 0*q - 20, -2*q = j + 13. Let d(x) = -2*x - 3. Let o be d(j). List the prime factors of y(o).
11
Let t(n) be the second derivative of -n**5/10 - n**3/6 - n. Let g be t(-1). Suppose -g*s + 0*s = -15. List the prime factors of s.
5
Suppose -h = -0*h - 2, -4*r - h = -70. Suppose 0*k + 2*k = -3*x + 25, r = 2*k - 5*x. What are the prime factors of k?
11
Suppose 0*d + x = -2*d + 87, -4*x = 2*d - 96. List the prime factors of d.
2, 3, 7
Let d = -18 + 22. Let y(v) = v + 8. List the prime factors of y(d).
2, 3
Let b(l) = 3*l + 2. Let f be b(-4). Let h be (-216)/f - (-6)/15. What are the prime factors of (-738)/(-66) + (-4)/h?
11
Suppose -5*i + 11 = -9. Let t(a) = 4*a + 1. Let m be t(-2). List the prime factors of i/(-14) + (-86)/m.
2, 3
Suppose t + 56 = -l + 2*l, 2*t - 2 = 0. What are the prime factors of l?
3, 19
Let i(n) = n**3 + 4*n**2 - 4*n + 5. List the prime factors of i(-4).
3, 7
Suppose 0*y = -2*y. Let j be 12*(3/6 - y). List the prime factors of ((-6)/5)/(j/(-30)).
2, 3
Suppose -4*u = -4*r - 612, 4*u - 580 = 2*r + 24. What are the prime factors of u?
149
Let c(a) = -4*a**3 - a**2 - a + 1. What are the prime factors of c(-2)?
31
Let k be (2 - 3)*2*-2. Suppose -7*q = -k*q + 36. What are the prime factors of 8/q + (-58)/(-6)?
3
Suppose 2*t - 45 = -3*t. What are the prime factors of t?
3
Let d(f) = f**2 - 4*f + 7. Let o be d(6). What are the prime factors of o + 8/4 + -1?
2, 5
Suppose -281 = -5*p + 2*r, -p = 3*p + 4*r - 236. Let s = p - 34. What are the prime factors of s?
23
Suppose 3*y = -p - 1 - 5, 0 = 5*p + y - 12. Suppose 4*g - 75 = -5*q, p*g + 51 = 4*q + 8*g. What are the prime factors of q?
19
Suppose -239 = -5*i + 2*r + 696, 2*i - 4*r - 390 = 0. What are the prime factors of i?
5, 37
Let h(i) = -i + 11. Let g be h(9). Suppose 3*f + g = 5. Let c = 5 - f. What are the prime factors of c?
2
Let q(g) = -10*g. Let b = -24 + 18. List the prime factors of q(b).
2, 3, 5
Let a be (-3)/(-6) + 22/4. Let u be (1 + a)*(-6)/7. What are the prime factors of (-28)/u*9/6?
7
Suppose -2*p - 3*k = -2*k - 37, -p = -4*k - 5. Suppose 3*w - 6 = l + 5, 3*w - p = -5*l. List the prime factors of 1/2*6*l.
3
Let w(q) = -q**2 + 2*q. Let h be w(2). Suppose 0 = -h*o - o + 4. List the prime factors of ((-22)/o - 0)*-2.
11
Let f be 1/(3/84) - -2. Suppose -r - k - f = -4*r, 0 = r - 3*k - 18. Suppose 0 = 5*w - r - 41. List the prime factors of w.
2, 5
Let l(v) = -2*v**3 + 2*v**2 + v. Let m be l(2). Let h be (2 + -1 + m)*-1. Suppose h*c + 5 = 0, -2*o = 2*o + 2*c - 34. What are the prime factors of o?
3
Suppose -12 = -4*z + 100. Suppose -5*c = -3*c - z. Suppose -2*g + 10 = -c. What are the prime factors of g?
2, 3
Let w(y) = 4*y + 3*y - 3 - 2*y + 2. What are the prime factors of w(6)?
29
Let v(p) be the second derivative of -p**4/12 - p**3/6 + 2*p. Let l(d) = d**2 + 2*d + 1. Let q(s) = l(s) - 2*v(s). What are the prime factors of q(-3)?
2
Let l(h) = -4*h + 16. Let s be l(13). What are the prime factors of (-2)/(-12) - 606/s?
17
Suppose 4*k + 8 = 2*k. Let l(m) = -m + 7. Let o be l(5). What are the prime factors of (9 + (-1 - k))/o?
2, 3
Suppose 0 = 4*a + 1 - 37. Let y = 10 - a. Suppose 3*f + 4*g - 5 = y, -4 = -2*f + 5*g. What are the prime factors of f?
2
Suppose 2*j - 6 = -4*g, 3*g - 8*g - 5*j = 0. Suppose l = -g*l + 20. What are the prime factors of l?
5
Let a(q) = -q + 6. Let l be a(-6). Suppose 4*m = 32 + l. Let s = -4 + m. What are the prime factors of s?
7
Suppose 3*x - 69 = -2*b, -2*b - 3*b + 150 = 3*x. List the prime factors of b.
3
Let v = 46 + -15. What are the prime factors of v?
31
Let a be (-6)/(-10) + (-42)/(-5). Let g(b) = -b**3 + 8*b**2 + 9*b + 2. What are the prime factors of g(a)?
2
Suppose -i = 2*i + 45. Let v = i + 33. What are the prime factors of v?
2, 3
Let m = -1 + 12. List the prime factors of m.
11
Let x(w) = -2*w**3 + 11*w**2 + 12*w - 4. Let r(k) = -k**3 + k. Let s(q) = -3*r(q) + x(q). What are the prime factors of s(-10)?
2, 3
Let a(o) = 7*o**3 + 2*o - 1. What are the prime factors of a(1)?
2
Let f be 5 + -2 + 0 + 0. Let c be ((-3)/(-2))/((-2)/12). List the prime factors of 9 + f*6/c.
7
Let h = -5 - -4. What are the prime factors of (h - 10/(-4))*4?
2, 3
Let r be (-8)/(-2) + 0/(-1). Let g be (-10)/r*36/(-10). Let m = g - 6. What are the prime factors of m?
3
Suppose -4*m - 5 = -17. Suppose -6*g + 5*k = -3*g - 6, k + 2 = g. Suppose g*j + 5*t = t + 32, -j = m*t - 21. What are the prime factors of j?
2, 3
Let l(n) = -n**2 - 8*n + 3. Let v be ((-54)/3)/2 + 3. Let u be ((-9)/v)/((-1)/4). List the prime factors of l(u).
3, 5
Suppose 114 = 6*n - 3*n. List the prime factors of n.
2, 19
Let s = -125 + 290. What are the prime factors of s?
3, 5, 11
Suppose 0*w - 4*w = 0. Suppose w*b = b - 6. What are the prime factors of (b/9)/((-2)/(-36))?
2, 3
Let d(a) = -a**2 - 4*a - 3. Let k be d(-4). Let y(q) be the first derivative of -q**2/2 + 3*q - 1. What are the prime factors of y(k)?
2, 3
Let j = 19 + -17. What are the prime factors of j?
2
Let z = -6 + 9. Suppose z*d + 3 = 4*d. Suppose -2*j - 6 + 5 = d*x, -5*j - 19 = 2*x. What are the prime factors of x?
3
Suppose 0 = n + 2*n - 54. List the prime factors of n.
2, 3
Let r = -4 - -10. Suppose 5*d + 2*x = 6, -4*d + 14 = -0*x - 3*x. Suppose d*w - 20 = -r. List the prime factors of w.
7
Suppose -p = 5*g + 12, -2 + 10 = -4*g. Let w(o) = -3*o**3 - 3*o**2 - o + 1. What are the prime factors of w(p)?
3, 5
Let o be (14/35)/((-2)/(-20)). Suppose -9 = 3*m - o*m. List the prime factors of m.
3
Let v(i) = -i**3 - 3*i**2 - i - 4. Let l be v(-4). Suppose -x - u + 4*u = -15, -x + l = -2*u. Let z = x + -8. What